{"id":24,"date":"2022-12-01T23:46:39","date_gmt":"2022-12-01T22:46:39","guid":{"rendered":"https:\/\/nuapp.fr\/index.php\/commande\/confirmation\/"},"modified":"2022-12-02T23:02:11","modified_gmt":"2022-12-02T22:02:11","slug":"solutions","status":"publish","type":"page","link":"https:\/\/nuapp.fr\/index.php\/presentation\/solutions\/","title":{"rendered":"Solutions"},"content":{"rendered":"\n<p><strong><mark style=\"background-color:rgba(0, 0, 0, 0)\" class=\"has-inline-color has-vivid-cyan-blue-color\">D\u00e9couvrez nos p\u00f4les d&rsquo;expertises : <\/mark><\/strong><\/p>\n\n\n\n<div class=\"wp-block-columns has-white-background-color has-background is-layout-flex wp-container-core-columns-is-layout-9d6595d7 wp-block-columns-is-layout-flex\">\n<div class=\"wp-block-column is-vertically-aligned-center is-layout-flow wp-block-column-is-layout-flow\" style=\"flex-basis:33.33%\"><div class=\"wp-block-image\">\n<figure class=\"aligncenter size-large\"><img loading=\"lazy\" decoding=\"async\" width=\"1024\" height=\"683\" src=\"https:\/\/nuapp.fr\/wp-content\/uploads\/2022\/12\/pexels-julia-m-cameron-4144096-3-1024x683.jpg\" alt=\"\" class=\"wp-image-118\" srcset=\"https:\/\/nuapp.fr\/wp-content\/uploads\/2022\/12\/pexels-julia-m-cameron-4144096-3-1024x683.jpg 1024w, https:\/\/nuapp.fr\/wp-content\/uploads\/2022\/12\/pexels-julia-m-cameron-4144096-3-300x200.jpg 300w, https:\/\/nuapp.fr\/wp-content\/uploads\/2022\/12\/pexels-julia-m-cameron-4144096-3-768x512.jpg 768w, https:\/\/nuapp.fr\/wp-content\/uploads\/2022\/12\/pexels-julia-m-cameron-4144096-3-1536x1025.jpg 1536w, https:\/\/nuapp.fr\/wp-content\/uploads\/2022\/12\/pexels-julia-m-cameron-4144096-3-2048x1367.jpg 2048w, https:\/\/nuapp.fr\/wp-content\/uploads\/2022\/12\/pexels-julia-m-cameron-4144096-3-90x60.jpg 90w\" sizes=\"auto, (max-width: 1024px) 100vw, 1024px\" \/><\/figure>\n<\/div><\/div>\n\n\n\n<div class=\"wp-block-column is-layout-flow wp-block-column-is-layout-flow\" style=\"flex-basis:66.66%\">\n<p><strong>Gestion parc tablette :<\/strong><\/p>\n\n\n\n<p>&#8211; D\u00e9ploiement et administration de parc tablette sous iPad.<\/p>\n\n\n\n<p>Nos options clefs en main permette de d\u00e9marrer un projet depuis 0. Du financement \u00e0 la formation aux utilisateurs, en passant par le d\u00e9ploiement personnalis\u00e9, profitez de notre exp\u00e9rience pour b\u00e9n\u00e9ficier d&rsquo;un outil redoutable et cl\u00e9 en main.<\/p>\n<\/div>\n<\/div>\n\n\n\n<div class=\"wp-block-columns has-white-background-color has-background is-layout-flex wp-container-core-columns-is-layout-9d6595d7 wp-block-columns-is-layout-flex\">\n<div class=\"wp-block-column is-layout-flow wp-block-column-is-layout-flow\" style=\"flex-basis:66.66%\">\n<p>I<strong>nfrastructure :<\/strong><\/p>\n\n\n\n<ul class=\"wp-block-list\">\n<li>Serveurs Windows 2016 \/ 2019 \/ 2022<\/li>\n<\/ul>\n\n\n\n<ul class=\"wp-block-list\">\n<li>Firewall (Redondance internet, Acc\u00e8s VPN t\u00e9l\u00e9travail, VPN sucursale, acc\u00e8s invit\u00e9, s\u00e9curisation des postes de travails, ect.)<\/li>\n<\/ul>\n\n\n\n<p><\/p>\n\n\n\n<ul class=\"wp-block-list\">\n<li>Switchs pour interconnecter vos bat\u00eements, tr\u00e8s haut d\u00e9bit 10Go, haute densit\u00e9, performances&#8230;<\/li>\n<\/ul>\n\n\n\n<ul class=\"wp-block-list\">\n<li>Wifi pour les internats, salle de classe, salle de r\u00e9union, amphith\u00e9\u00e2tre, ext\u00e9rieurs&#8230; <\/li>\n<\/ul>\n<\/div>\n\n\n\n<div class=\"wp-block-column is-vertically-aligned-center is-layout-flow wp-block-column-is-layout-flow\" style=\"flex-basis:33.33%\">\n<figure class=\"wp-block-gallery has-nested-images columns-default is-cropped wp-block-gallery-1 is-layout-flex wp-block-gallery-is-layout-flex\">\n<figure class=\"wp-block-image size-large\"><img loading=\"lazy\" decoding=\"async\" width=\"1024\" height=\"683\" data-id=\"94\" src=\"https:\/\/nuapp.fr\/wp-content\/uploads\/2022\/12\/pexels-pixabay-159304-2-1024x683.jpg\" alt=\"\" class=\"wp-image-94\" srcset=\"https:\/\/nuapp.fr\/wp-content\/uploads\/2022\/12\/pexels-pixabay-159304-2-1024x683.jpg 1024w, https:\/\/nuapp.fr\/wp-content\/uploads\/2022\/12\/pexels-pixabay-159304-2-300x200.jpg 300w, https:\/\/nuapp.fr\/wp-content\/uploads\/2022\/12\/pexels-pixabay-159304-2-768x512.jpg 768w, https:\/\/nuapp.fr\/wp-content\/uploads\/2022\/12\/pexels-pixabay-159304-2-1536x1024.jpg 1536w, https:\/\/nuapp.fr\/wp-content\/uploads\/2022\/12\/pexels-pixabay-159304-2-2048x1365.jpg 2048w, https:\/\/nuapp.fr\/wp-content\/uploads\/2022\/12\/pexels-pixabay-159304-2-90x60.jpg 90w\" sizes=\"auto, (max-width: 1024px) 100vw, 1024px\" \/><\/figure>\n<\/figure>\n<\/div>\n<\/div>\n\n\n\n<div class=\"wp-block-columns has-white-background-color has-background is-layout-flex wp-container-core-columns-is-layout-9d6595d7 wp-block-columns-is-layout-flex\">\n<div class=\"wp-block-column is-layout-flow wp-block-column-is-layout-flow\" style=\"flex-basis:33.33%\">\n<figure class=\"wp-block-gallery has-nested-images columns-default is-cropped wp-block-gallery-2 is-layout-flex wp-block-gallery-is-layout-flex\">\n<figure class=\"wp-block-image size-large\"><img loading=\"lazy\" decoding=\"async\" width=\"683\" height=\"1024\" data-id=\"64\" src=\"https:\/\/nuapp.fr\/wp-content\/uploads\/2022\/12\/pexels-polina-zimmerman-3747473-683x1024.jpg\" alt=\"\" class=\"wp-image-64\" srcset=\"https:\/\/nuapp.fr\/wp-content\/uploads\/2022\/12\/pexels-polina-zimmerman-3747473-683x1024.jpg 683w, https:\/\/nuapp.fr\/wp-content\/uploads\/2022\/12\/pexels-polina-zimmerman-3747473-200x300.jpg 200w, https:\/\/nuapp.fr\/wp-content\/uploads\/2022\/12\/pexels-polina-zimmerman-3747473-768x1152.jpg 768w, https:\/\/nuapp.fr\/wp-content\/uploads\/2022\/12\/pexels-polina-zimmerman-3747473-scaled.jpg 1707w\" sizes=\"auto, (max-width: 683px) 100vw, 683px\" \/><\/figure>\n<\/figure>\n<\/div>\n\n\n\n<div class=\"wp-block-column is-layout-flow wp-block-column-is-layout-flow\" style=\"flex-basis:66.66%\">\n<ul class=\"wp-block-list\">\n<li><strong>Gestion de parc PC<\/strong><\/li>\n\n\n\n<li>D\u00e9ploiement \/ personnalisation du syst\u00e8me d&rsquo;exploitation sur parc volumineux (Windows 10 et 11)<\/li>\n<\/ul>\n\n\n\n<ul class=\"wp-block-list\">\n<li>D\u00e9ploiement et maj automatique d&rsquo;application (Choix des applications, d\u00e9ploiement et maintient \u00e0 jour !), s\u00e9curisation des postes, politique 0 droit<\/li>\n<\/ul>\n\n\n\n<ul class=\"wp-block-list\">\n<li>Maintenance \u00e0 distance avec outils moderne, s\u00e9curis\u00e9, avec tra\u00e7abilit\u00e9, reporting, tout y est<\/li>\n<\/ul>\n<\/div>\n<\/div>\n\n\n\n<p><\/p>\n\n\n\n<p><\/p>\n\n\n\n<p><\/p>\n\n\n\n<p><\/p>\n","protected":false},"excerpt":{"rendered":"<p>D\u00e9couvrez nos p\u00f4les d&rsquo;expertises : Gestion parc tablette : &#8211; D\u00e9ploiement et administration de parc tablette sous iPad. Nos options clefs en main permette de d\u00e9marrer un projet depuis 0. Du financement \u00e0 la formation aux utilisateurs, en passant par le d\u00e9ploiement personnalis\u00e9, profitez de notre exp\u00e9rience pour b\u00e9n\u00e9ficier d&rsquo;un outil redoutable et cl\u00e9 en &hellip; <\/p>\n","protected":false},"author":1,"featured_media":0,"parent":2,"menu_order":0,"comment_status":"closed","ping_status":"closed","template":"","meta":{"footnotes":""},"class_list":["post-24","page","type-page","status-publish","hentry"],"_links":{"self":[{"href":"https:\/\/nuapp.fr\/index.php\/wp-json\/wp\/v2\/pages\/24","targetHints":{"allow":["GET"]}}],"collection":[{"href":"https:\/\/nuapp.fr\/index.php\/wp-json\/wp\/v2\/pages"}],"about":[{"href":"https:\/\/nuapp.fr\/index.php\/wp-json\/wp\/v2\/types\/page"}],"author":[{"embeddable":true,"href":"https:\/\/nuapp.fr\/index.php\/wp-json\/wp\/v2\/users\/1"}],"replies":[{"embeddable":true,"href":"https:\/\/nuapp.fr\/index.php\/wp-json\/wp\/v2\/comments?post=24"}],"version-history":[{"count":33,"href":"https:\/\/nuapp.fr\/index.php\/wp-json\/wp\/v2\/pages\/24\/revisions"}],"predecessor-version":[{"id":128,"href":"https:\/\/nuapp.fr\/index.php\/wp-json\/wp\/v2\/pages\/24\/revisions\/128"}],"up":[{"embeddable":true,"href":"https:\/\/nuapp.fr\/index.php\/wp-json\/wp\/v2\/pages\/2"}],"wp:attachment":[{"href":"https:\/\/nuapp.fr\/index.php\/wp-json\/wp\/v2\/media?parent=24"}],"curies":[{"name":"wp","href":"https:\/\/api.w.org\/{rel}","templated":true}]}}